-1
What is 6 - (-6 - -15) - (16 + -18)?
-1
What is (3 - -6) + -9 - 7?
-7
Calculate (-1 + 1 - 4) + 6 + -3.
-1
What is the value of 4 + -9 - (-5 + -3)?
3
10 + -6 + 5 - 10
-1
Calculate -65 + 55 - (-5 - 1).
-4
Evaluate -8 + (0 - 2) + 12 + -5.
-3
What is (-3 - (-2 - (-1 + 1))) + 1?
0
-2 + (7 - 0) - (5 + -2)
2
Calculate -1 + 0 + 23 + -9 + -15.
-2
(12 + -1 - 6) + (-1 - 9)
-5
Calculate -1 - -4 - (5 + -3).
1
Calculate 0 - (4 - (0 + 4)).
0
8 - (-6 - -3 - (2 - 10))
3
What is -1 - (-5 + -5 + -1 + 3)?
7
What is -6 + 1 - (-12 - -3)?
4
(0 - 2) + 14 - 8
4
Calculate 1 + -3 + (6 - 3).
1
0 + 4 + (-6 - -2)
0
25 + -9 + -6 - 3
7
6 + 2 + -1 + -9
-2
What is (11 - (2 + 2)) + -7?
0
Evaluate -3 - (1 - 2) - 2.
-4
What is the value of -9 - (2 - (1 + 10))?
0
1 + 7 + (4 - 12)
0
1 - (4 + 4 + -6)
-1
7 - 0 - (4 + (7 - 7))
3
What is (-10 - -17) + -4 - -6?
9
What is the value of 14 - (11 - -3) - (-1 + 3)?
-2
What is the value of 0 + (-7 - (-6 - 3))?
2
-7 + 8 + 2 + 0
3
Calculate (3 + 2 + 0 - 5) + -5.
-5
What is the value of (-10 - -1 - -2) + 3?
-4
-6 - (1 + -1 + -3 + -5)
2
Calculate 3 + (0 - 6) + 8.
5
What is -4 - (-3 + (-5 - -7))?
-3
Calculate -3 + (-1 - (1 - 5)).
0
Evaluate 0 - 5 - (2 - 6).
-1
Calculate 7 + (-11 - (-7 + -5)).
8
What is the value of 1 + (2 - (8 + 0 + -3))?
-2
What is (-4 + 19 - 9) + -8?
-2
Evaluate -3 + (-4 - ((3 - 4) + -3)).
-3
What is the value of 4 + (-5 - -3 - 0)?
2
Calculate 4 - (3 - (10 + -15)).
-4
What is -5 + 4 + 1 + -1 + -2?
-3
Evaluate 0 - (-3 + 6 + -6 + 3).
0
Calculate (-2 - 5) + (20 - 10).
3
Calculate -6 - (-22 + 16 - (1 - -1)).
2
(-3 - -8) + 9 + -15
-1
-8 + 2 + -6 + 5 + 0
-7
7 - 3 - (-6 + 13)
-3
What is the value of 10 - (0 + 6) - 2?
2
What is -17 - -20 - -6 - (2 + -1)?
8
What is the value of -1 + 5 + -3 + -3?
-2
Evaluate -8 - (3 + -11 + 4 - -1).
-5
Calculate -12 - -10 - (-5 - 1).
4
Calculate -1 + (-2 - -5) + -5 - -6.
3
What is -4 + 0 - (-34 - (-3 + -24))?
3
What is the value of -10 + -3 + -3 - -11?
-5
What is the value of 6 + 2 + -2 + -51 + 43?
-2
Evaluate 8 - (-1 + 4 + -1) - 1.
5
What is the value of -3 + (1 - 3) + 8 + -3?
0
-14 - (-14 + -1) - (1 - -7)
-7
What is the value of 0 + (6 - (5 + 4 + -1))?
-2
Calculate 17 + (6 - (22 + -5)).
6
-2 + (8 - 10) + -4
-8
Calculate (-2 - -4) + -1 - (5 + -2).
-2
23 - 19 - (1 + 4)
-1
(-13 - -9) + (13 - 1)
8
Evaluate (117 - 127) + (0 - -3).
-7
What is the value of (0 - -7) + -19 + 12?
0
(2 - 12) + 18 - 16
-8
(-2 - (-4 - 0) - 2) + -2
-2
Calculate 4 - (2 - 3) - (20 - 9).
-6
What is the value of (-10 - (-10 - -3)) + 6?
3
What is (5 - 0) + 7 + -4 - 5?
3
Calculate 7 - 0 - (-20 - -29).
-2
3 + (3 - (-4 - -9))
1
-3 + 2 + (-1 - -7)
5
(3 - -5) + 12 - 13
7
What is -5 + 10 - (4 + -3 + 4)?
0
Evaluate -1 + (18 - 5 - 10).
2
Calculate 4 + (-2 - -2 - -1).
5
Evaluate 0 + -3 - (-2 + 1 + -4).
2
What is the value of 5 - 6 - (-7 + 0) - 13?
-7
13 - (2 - (-5 + -3 - -4))
7
Calculate 5 + (14 - 8) + -6.
5
Calculate 0 + 12 + (4 - 11).
5
2 - -1 - (1 - (-4 + 1))
-1
Evaluate 5 - 0 - (-17 - -17).
5
Evaluate (9 - 9) + (1 - -3) - 8.
-4
(-6 - -11) + -3 - 4
-2
6 + -1 + 1 - 8 - -5
3
Calculate -1 - -15 - (23 + -15).
6
What is (11 - (12 + -8)) + 2 + -2?
7
Calculate (-1 - -3) + (3 - (-5 - -5)).
5
Calculate (2 - (-2 + -2)) + -1 - 3.
2
Evaluate 9 + -11 + (1 + 0 - 3).
-4
What is 4 + -4 + (-3 - 1)?
-4
Evaluate 2 + -1 + 2 + (0 - 5).
-2
Calculate -17 - (-11 + -4 - -8).
-10
-3 - (0 + (-8 - -4) + 3)
-2
-2 - (-4 - (3 - 2 - 2))
1
0 - -8 - (1 - (-2 + -2))
3
What is the value of -17 + 13 + 15 + -14?
-3
2 + (2 - (2 - (1 + 2)))
5
What is the value of 10 + -11 - (3 + 0)?
-4
4 - (6 - 3 - (-2 - 2))
-3
What is (10 - (1 + 5)) + (-5 - -2)?
1
Evaluate (-10 - -7) + (1 - 0) - 1.
-3
Calculate -10 + 6 + 4 + (0 - 7).
-7
Evaluate (8 - 1) + -4 - 4.
-1
Calculate 3 - -1 - -1 - 2.
3
What is 5 + 1 + -5 + 0 + 2?
3
Calculate -316 - -321 - (0 - -6).
-1
Calculate -5 - (-3 + 0) - 0.
-2
-4 + (-1 - (-6 + 0)) + -1
0
-1 + (11 - (4 + 3))
3
Calculate -35 + 36 - (5 + -1 - 0).
-3
Calculate (0 - (2 + 0 + 0)) + 1.
-1
What is the value of 3 + 1 + (-41 - -39)?
2
Calculate -157 + 164 + -3 + 0.
4
Calculate -18 + 18 + (4 - 2) + 1.
3
What is the value of -7 - (-7 + 2 + 1)?
-3
What is the value of -3 + -12 + 2 + 7?
-6
What is -2 + 1 + -1 + (-1 - 2)?
-5
Evaluate (3 - (0 - -3)) + 4.
4
What is the value of 6 + 2 + -8 + 2?
2
Evaluate 0 - 2 - (1 + (4 - 3)).
-4
Evaluate (-4 - -13 - -2) + -8.
3
What is the value of (-1 - 8) + -3 + 7?
-5
What is the value of -31 + 28 - (-5 + 0)?
2
Evaluate -2 + -2 + (-3 - (2 - 7)).
-2
What is -3 - (4 - 7 - -4) - 1?
-5
What is -7 + (7 - (-1 - -5))?
-4
What is (2 - 3 - 3) + -1?
-5
What is the value of -13 - -14 - (-2 - 1)?
4
4 + 1 + (-13 + -1 - -4)
-5
Evaluate 1 - 4 - (13 - 13).
-3
Evaluate 4 - -4 - (19 - 11).
0
What is -2 + (9 - 1) - (45 + -44)?
5
Calculate -3 + ((8 - 6) + -2 - -6).
3
What is -3 - (-13 - (8 + -21))?
-3
Calculate 6 - 14 - -4 - -2.
-2
(19 - 17) + (0 - -5)
7
(-15 - -10) + (4 - 2 - -5)
2
What is the value of 0 + 0 - (5 + (10 - 7))?
-8
-3 - 0 - (6 + -7) - -4
2
Evaluate (13 - 9) + 3 + -14.
-7
What is 10 - 2 - (1 + 0) - -3?
10
(0 + -1 + 2 - 3) + 0
-2
Evaluate 10 - (7 + -2 - 1).
6
What is -13 + 15 + -5 + -1?
-4
What is (-59 - -56) + 6 + 1?
4
Calculate 0 + (6 - (0 - -6)).
0
What is -1 + -1 + (-1 - -4) + 1?
2
What is the value of -3 + -10 + 6 + 2?
-5
Calculate (1 - (-3 + 8)) + 2.
-2
What is the value of (2 - -1) + -6 + 0?
-3
Evaluate -2 + (5 - (-2 - 1)) - 9.
-3
What is the value of 10 + (-5 - -3) - 5?
3
Evaluate -1 + 3 - (-5 + 2 + 8).
-3
What is the value of ((-3 - 2) + -2 - -5) + 2?
0
(-2 + 4 - 2 - -5) + -2
3
What is the value of 1 + (4 - 13) + 10?
2
Evaluate -2 - (0 + 1) - -1.
-2
What is 8 - (0 + 5 + -2 - -2)?
3
Evaluate (-3 - -2 - 2) + -2.
-5
Calculate 4 + (-10 - -1) - 1.
-6
What is the value of -4 - (12 + 0 - 19)?
3
1 + (7 - (8 + -4))
4
What is 6 + (5 - (8 - -5))?
-2
Calculate 8 - 16 - (4 + -6).
-6
What is (1 - -1 - -2) + 0?
4
What is the value of 10 - 8 - 2 - 4?
-4
What is 11 - (5 - -4) - (-3 - 0)?
5
Evaluate (6 + -8 - (1 + 2)) + 4.
-1
(2 - ((4 - 2) + -5)) + -5
0
What is the value of -5 + 10 + -8 + 4 + 0?
1
Calculate 4 + (2 - (7 - 7)).
6
What is the value of 5 - (-6 + 12 - 3 - -6)?
-4
Calculate -3 + -7 + -6 + 7 + 7.
-2
2 + 3 + 0 + (-9 - -12)
8
What is -362 + 369 + (1 - 0) + -18?
-10
Calculate -1 + 18 + -5 + -7.
5
What is (-50 - -39) + (6 - (2 - 1))?
-6
Calculate -17 + 0 + 4 - -5.
-8
-2 - (-6 + 4 - 3)
3
What is the value of (4 - -1) + (0 - -8 - 12)?
1
What is (107 - 98) + (-1 - -1)?
9
Calculate -2 + -8 + -3 + 12.
-1
What is the value of -43 + 35 + 4 + 0?
-4
Calculate 0 - (-4 - -1) - (1 - 1).
3
What is the value of 1 + -1 - -1 - (4 - 0)?
-3
What is the value of -6 - (14 - (21 - 10))?
-9
What is 7 + 4 + 2 + -6?
7
Evaluate (-1 - 0) + -3 + -1.
-5
What is the value of (-7 - -3) + 5 - 6?
-5
Calculate 2 + (-11 - -2) - (2 - 6).
-3
Calculate 7 - (27 + -10 + -9).
-1
-2 + (3 - 2) + -2 + -3
-6
What is 7 + -1 + -4 + -1 + 3?
4
What is (-11 - -13) + 0 + 3 + 1?
6
What is the value of 8 + -10 + (2 - 1)?
-1
0 + (1 - 1) + (21 - 22)
-1
Calculate 42 - 43 - (3 + -2 + 1).
-3
What is (-5 - -1) + (31 - 13) + -8?
6
What is the value of (-8 - -5) + 4 - -6?
7
What is the value of (3 - (5 + -6)) + -2?
2
Evaluate 3 - ((-3 - -2) + 3 + 2).
-1
Evaluate (-2 - -2) + -2 - (-12 + 6).
4
Evaluate 4 + -5 + 2 - 2.
-1
What is the value of 5 - (3 - (-9 - -4))?
-3
Calculate 7 + (0 - 8) - 4.
-5
Calculate (-43 - -49) + -1 + 1 - 5.
1
Evaluate 21 + -28 + 11 + 0.
4
Calculate 8 + -5 + 3 + -4 + -4.
-2
What is -4 - (5 - (8 + -4) - 10)?
5
What is (0 - 6 - -6) + (-6 - -1)?
-5
Calculate -6 + 22 + -6 - 3.
7
Evaluate (3 - -6) + -21 + -2 + 7.
-7
(2 - -1) + (35 - 36)
2
What is -2 - 3 - (-7 + 1)?
1
What is -10 - (3 + -17 + 5)?
-1
What is the value of -1 + (-4 - -3) - (-9 + 2)?
5
4 + 2 + -4 - -1
3
What is the value of (2 - 2 - -1) + 1?
2
0 + -9 - -1 - -3 - -3
-2
(1 - -5) + -3 + 8 + -14
-3
Evaluate 4 - ((-2 - -1) + (4 - 3)).
4
What is the value of 5 - (2 - (5 + -1 - 6))?
1
Calculate 4 - (-1 - (4 - 1 - 4)).
4
What is 8 + -8 - (-1 - -6 - 0)?
-5
What is the value of 10 - 15 - (1 - 8)?
2
Evaluate (-2 - (4 + -8)) + (0 - 1).
1
Evaluate 0 + (12 - 10) + 2 + -6.
-2
Evaluate 8 + 2 - 9 - (-8 - -1).
8
What is 0 - ((7 - 5) + -6)?
4
4 + (6 - (7 - 4))
7
What is 0 - (-4 - (-1 - 0))?
3
-3 - ((-1 - (1 + -2)) + 0)
-3
(5 - (6 - -2)) + 0
-3
(-3 - -